{"id":192,"date":"2026-04-09T20:18:17","date_gmt":"2026-04-09T23:18:17","guid":{"rendered":"http:\/\/www.fatecrp.edu.br\/?page_id=192"},"modified":"2026-04-16T19:53:01","modified_gmt":"2026-04-16T22:53:01","slug":"relatorio-de-autoavaliacao-institucional-cpa","status":"publish","type":"page","link":"http:\/\/www.fatecrp.edu.br\/index.php\/relatorio-de-autoavaliacao-institucional-cpa\/","title":{"rendered":"Relat\u00f3rio de Autoavalia\u00e7\u00e3o Institucional \u2013 CPA"},"content":{"rendered":"\n<p><\/p>\n\n\n\n<p><\/p>\n\n\n\n<a href=\"http:\/\/www.fatecrp.edu.br\/wp-content\/uploads\/2026\/04\/Relat\u00f3rio_CPA_Ribeir\u00e3o_Preto_2026.pdf\" target=\"_blank\" rel=\"noreferrer noopener\">Relat\u00f3rio de Autoavalia\u00e7\u00e3o Institucional \u2013 Ano de 2026<\/a><br>\n<a href=\"http:\/\/www.fatecrp.edu.br\/wp-content\/uploads\/2026\/04\/Relat\u00f3rio_CPA_Ribeir\u00e3o_Preto_2023.pdf\" target=\"_blank\" rel=\"noreferrer noopener\">Relat\u00f3rio de Autoavalia\u00e7\u00e3o Institucional \u2013 Ano de 2023<\/a><br><a href=\"http:\/\/www.fatecrp.edu.br\/wp-content\/uploads\/2026\/04\/Relat\u00f3rio_CPA_Ribeir\u00e3o_Preto_2022.pdf\" target=\"_blank\" rel=\"noreferrer noopener\">Relat\u00f3rio de Autoavalia\u00e7\u00e3o Institucional \u2013 Ano de 2022<\/a><br><a href=\"http:\/\/www.fatecrp.edu.br\/wp-content\/uploads\/2026\/04\/Relat\u00f3rio_CPA_Ribeir\u00e3o_Preto_2021.pdf\" target=\"_blank\" rel=\"noreferrer noopener\">Relat\u00f3rio de Autoavalia\u00e7\u00e3o Institucional \u2013 Ano de 2021<\/a><br><a href=\"http:\/\/www.fatecrp.edu.br\/wp-content\/uploads\/2026\/04\/Relat\u00f3rio_CPA_Ribeir\u00e3o_Preto_2020.pdf\" target=\"_blank\" rel=\"noreferrer noopener\">Relat\u00f3rio de Autoavalia\u00e7\u00e3o Institucional \u2013 Ano de 2020<\/a><br><a href=\"http:\/\/www.fatecrp.edu.br\/wp-content\/uploads\/2026\/04\/Relat\u00f3rio_CPA_Ribeir\u00e3o_Preto_2019.pdf\" target=\"_blank\" rel=\"noreferrer noopener\">Relat\u00f3rio de Autoavalia\u00e7\u00e3o Institucional \u2013 Ano de 2019<\/a><br><a href=\"http:\/\/www.fatecrp.edu.br\/wp-content\/uploads\/2026\/04\/Relatorio_CPA_Ribeirao_Preto_2018.pdf\" target=\"_blank\" rel=\"noreferrer noopener\">Relat\u00f3rio de Autoavalia\u00e7\u00e3o Institucional \u2013 Ano de 2018<\/a><br><a href=\"http:\/\/www.fatecrp.edu.br\/wp-content\/uploads\/2026\/04\/Relatorio_CPA_Ribeirao_Preto_2017.pdf\" target=\"_blank\" rel=\"noreferrer noopener\">Relat\u00f3rio de Autoavalia\u00e7\u00e3o Institucional \u2013 Ano de 2017<\/a><\/p>\n\n\n\n<p><\/p>\n","protected":false},"excerpt":{"rendered":"<p>Relat\u00f3rio de Autoavalia\u00e7\u00e3o Institucional \u2013 Ano de 2026 Relat\u00f3rio de Autoavalia\u00e7\u00e3o Institucional \u2013 Ano de 2023Relat\u00f3rio de Autoavalia\u00e7\u00e3o Institucional \u2013 [&hellip;]<\/p>\n","protected":false},"author":1,"featured_media":0,"parent":0,"menu_order":0,"comment_status":"closed","ping_status":"closed","template":"","meta":{"footnotes":""},"class_list":["post-192","page","type-page","status-publish","hentry"],"_links":{"self":[{"href":"http:\/\/www.fatecrp.edu.br\/index.php\/wp-json\/wp\/v2\/pages\/192","targetHints":{"allow":["GET"]}}],"collection":[{"href":"http:\/\/www.fatecrp.edu.br\/index.php\/wp-json\/wp\/v2\/pages"}],"about":[{"href":"http:\/\/www.fatecrp.edu.br\/index.php\/wp-json\/wp\/v2\/types\/page"}],"author":[{"embeddable":true,"href":"http:\/\/www.fatecrp.edu.br\/index.php\/wp-json\/wp\/v2\/users\/1"}],"replies":[{"embeddable":true,"href":"http:\/\/www.fatecrp.edu.br\/index.php\/wp-json\/wp\/v2\/comments?post=192"}],"version-history":[{"count":9,"href":"http:\/\/www.fatecrp.edu.br\/index.php\/wp-json\/wp\/v2\/pages\/192\/revisions"}],"predecessor-version":[{"id":217,"href":"http:\/\/www.fatecrp.edu.br\/index.php\/wp-json\/wp\/v2\/pages\/192\/revisions\/217"}],"wp:attachment":[{"href":"http:\/\/www.fatecrp.edu.br\/index.php\/wp-json\/wp\/v2\/media?parent=192"}],"curies":[{"name":"wp","href":"https:\/\/api.w.org\/{rel}","templated":true}]}}