{"id":59,"date":"2026-02-05T11:23:08","date_gmt":"2026-02-05T14:23:08","guid":{"rendered":"http:\/\/200.144.13.68\/?page_id=59"},"modified":"2026-02-27T17:12:40","modified_gmt":"2026-02-27T20:12:40","slug":"gestao-de-recursos-humanos","status":"publish","type":"page","link":"http:\/\/www.fatecrp.edu.br\/index.php\/gestao-de-recursos-humanos\/","title":{"rendered":"Gest\u00e3o de Recursos Humanos"},"content":{"rendered":"<div style=\"display:block;width:100%;margin:10px 0 25px 0;clear:both;line-height:0;\">\n<div style=\"display:flex;flex-wrap:wrap;gap:5px;align-items:stretch;line-height:normal;justify-content:flex-start;\"><a href=\"http:\/\/200.144.13.68\/Horarios\/GRH.pdf\" target=\"_blank\"; style=\"background-color:#555e6b;color:#ffffff!important;padding:0 15px;text-decoration:none!important;font-size:14px;font-family:sans-serif;display:flex;align-items:center;justify-content:center;text-align:center;min-height:38px;border-radius:2px;flex:0 1 auto;border:none;\">Hor\u00e1rio das Aulas<\/a><a href=\"http:\/\/www.fatecrp.edu.br\/index.php\/matriz-curricular-grh\/\" style=\"background-color:#555e6b;color:#ffffff!important;padding:0 15px;text-decoration:none!important;font-size:14px;font-family:sans-serif;display:flex;align-items:center;justify-content:center;text-align:center;min-height:38px;border-radius:2px;flex:0 1 auto;border:none;\">Matriz Curricular<\/a><a href=\"http:\/\/www.fatecrp.edu.br\/wp-content\/uploads\/2026\/02\/PPC_Gestao-de-Recursos-Humanos_Fatec-Ribeirao-Preto-2024_1.pdf\" style=\"background-color:#555e6b;color:#ffffff!important;padding:0 15px;text-decoration:none!important;font-size:14px;font-family:sans-serif;display:flex;align-items:center;justify-content:center;text-align:center;min-height:38px;border-radius:2px;flex:0 1 auto;border:none;\">Projeto Pedag\u00f3gico<\/a><\/div>\n<\/div>\n\n\n<h2 class=\"wp-block-heading\">O QUE O ALUNO ESTUDA<\/h2>\n\n\n\n<p>O curso forma profissionais com compet\u00eancias para gerenciar pessoas de forma estrat\u00e9gica, com disciplinas voltadas ao desenvolvimento e gerenciamento de carreiras, recrutamento e sele\u00e7\u00e3o, treinamento e desenvolvimento, remunera\u00e7\u00e3o estrat\u00e9gica, gest\u00e3o por compet\u00eancias, qualidade de vida no trabalho, rotinas de pessoal, comportamento organizacional, legisla\u00e7\u00e3o trabalhista, psicologia, entre outras. Al\u00e9m de possibilitar a viv\u00eancia profissional por meio de disciplinas de consultoria e auditoria em gest\u00e3o de pessoas, inova\u00e7\u00e3o e empreendedorismo, gest\u00e3o de home office e jogos empresariais.<br>O tecn\u00f3logo obt\u00e9m durante o curso conhecimentos, habilidades e atitudes focadas na estrat\u00e9gia organizacional e nos resultados, caracter\u00edsticas que contribuem para o desenvolvimento organizacional.<\/p>\n\n\n\n<h2 class=\"wp-block-heading\">O QUE O PROFISSIONAL FAZ<\/h2>\n\n\n\n<p>Planeja e gerencia processos de recrutamento e sele\u00e7\u00e3o, cargos e sal\u00e1rios, treinamento e desenvolvimento, remunera\u00e7\u00e3o e benef\u00edcios, plano de carreira e avalia\u00e7\u00e3o de desempenho. Promove o desenvolvimento do comportamento individual (motiva\u00e7\u00e3o), de grupo (negocia\u00e7\u00e3o, lideran\u00e7a, poder e conflitos) e da organiza\u00e7\u00e3o (cultura, estrutura e tecnologias). Elabora programas de gest\u00e3o por compet\u00eancia. Gerencia o potencial humano a partir do people analytics. Avalia e emite parecer t\u00e9cnico em sua \u00e1rea de forma\u00e7\u00e3o.<\/p>\n\n\n\n<h2 class=\"wp-block-heading\">ONDE TRABALHAR<\/h2>\n\n\n\n<p>O tecn\u00f3logo em Gest\u00e3o de Recursos Humanos planeja e atua na gest\u00e3o de pessoas dentro de uma organiza\u00e7\u00e3o, atuando tanto nos processos operacionais como estrat\u00e9gicos. O profissional pode atuar em organiza\u00e7\u00f5es p\u00fablicas ou privadas, ind\u00fastrias, com\u00e9rcio, consultorias, escrit\u00f3rios de contabilidade, empresas de treinamento, de diversos segmentos.<\/p>\n","protected":false},"excerpt":{"rendered":"<p>Hor\u00e1rio das AulasMatriz CurricularProjeto Pedag\u00f3gico O QUE O ALUNO ESTUDA O curso forma profissionais com compet\u00eancias para gerenciar pessoas de [&hellip;]<\/p>\n","protected":false},"author":1,"featured_media":0,"parent":0,"menu_order":0,"comment_status":"closed","ping_status":"closed","template":"","meta":{"footnotes":""},"class_list":["post-59","page","type-page","status-publish","hentry"],"_links":{"self":[{"href":"http:\/\/www.fatecrp.edu.br\/index.php\/wp-json\/wp\/v2\/pages\/59","targetHints":{"allow":["GET"]}}],"collection":[{"href":"http:\/\/www.fatecrp.edu.br\/index.php\/wp-json\/wp\/v2\/pages"}],"about":[{"href":"http:\/\/www.fatecrp.edu.br\/index.php\/wp-json\/wp\/v2\/types\/page"}],"author":[{"embeddable":true,"href":"http:\/\/www.fatecrp.edu.br\/index.php\/wp-json\/wp\/v2\/users\/1"}],"replies":[{"embeddable":true,"href":"http:\/\/www.fatecrp.edu.br\/index.php\/wp-json\/wp\/v2\/comments?post=59"}],"version-history":[{"count":6,"href":"http:\/\/www.fatecrp.edu.br\/index.php\/wp-json\/wp\/v2\/pages\/59\/revisions"}],"predecessor-version":[{"id":135,"href":"http:\/\/www.fatecrp.edu.br\/index.php\/wp-json\/wp\/v2\/pages\/59\/revisions\/135"}],"wp:attachment":[{"href":"http:\/\/www.fatecrp.edu.br\/index.php\/wp-json\/wp\/v2\/media?parent=59"}],"curies":[{"name":"wp","href":"https:\/\/api.w.org\/{rel}","templated":true}]}}